{"id":1288,"date":"2016-09-09T18:41:03","date_gmt":"2016-09-09T18:41:03","guid":{"rendered":"http:\/\/www.ptosanjose.com\/politica-de-cookies\/"},"modified":"2019-11-07T18:12:05","modified_gmt":"2019-11-07T17:12:05","slug":"politica-de-cookies","status":"publish","type":"page","link":"https:\/\/www.ptosanjose.com\/colegio\/politica-de-cookies\/","title":{"rendered":"Pol\u00edtica de cookies"},"content":{"rendered":"<p>Esta p\u00e1gina web utiliza cookies propias y de terceros. Si continua navegando consideramos que acepta su uso. Puede cambiar la configuraci\u00f3n u obtener m\u00e1s informaci\u00f3n aqu\u00ed. (redireccionara esta normativa de uso de cookies).<\/p>\n<p><strong>Normativa sobre el uso de cookies<\/strong><br \/>Esta Pol\u00edtica de Cookies es parte integrante del Aviso Legal y la Pol\u00edtica de Privacidad de Colegio San Jos\u00e9 El acceso y la navegaci\u00f3n en el sitio, o el uso de los servicios del mismo, implican la aceptaci\u00f3n de las Condiciones Generales establecidas en nuestro Aviso Legal (y por tanto de la<br \/>Pol\u00edtica de Privacidad y Pol\u00edtica de Cookies). Por favor, l\u00e9elas atentamente.<br \/>Te agradecemos que hayas decidido visitarnos. Queremos que tu experiencia en el sitio sea lo mejor posible, y por ese motivo hemos escrito esta Pol\u00edtica de Cookies de la forma m\u00e1s transparente posible.<br \/><strong>\u00bfQu\u00e9 es una Cookie?<\/strong><br \/>Las cookies son archivos que contienen peque\u00f1as cantidades de informaci\u00f3n que se descargan en el dispositivo del usuario que se utiliza cuando visitas un sitio web. Su finalidad principal es<br \/>reconocer al usuario cada vez que accede a www.ptosanjose.com nos permite, adem\u00e1s, mejorar<br \/>la calidad y la usabilidad de nuestra web.<br \/>Las cookies son esenciales para el funcionamiento de Internet; no pueden da\u00f1ar el equipo\/dispositivo del usuario y, si se encuentran activadas en la configuraci\u00f3n de tu navegador, nos ayudan a identificar y resolver posibles errores de funcionamiento de<a href=\"http:\/\/www.ptosanjose.com\"> www.ptosanjose.com.<\/a><br \/><strong>Tipos de Cookies<\/strong><br \/>Hay diferentes tipos de cookies. Todos ellos trabajan de la misma manera, pero tienen peque\u00f1as diferencias:<br \/>\uf0b7 Cookies de Sesi\u00f3n. Las cookies de sesi\u00f3n duran solamente por la duraci\u00f3n de tu visita y se borran cuando cierras el navegador. Su finalidad principal es identificar el tipo de dispositivo, apoyar la seguridad sitio web o su funcionalidad b\u00e1sica. No contienen informaci\u00f3n personal que nos permita identificar a una persona.<br \/>\uf0b7 Cookies Persistentes o Permanentes: Se almacenan en el disco duro del dispositivo y nuestra web las lee cada vez que realizas una nueva visita a www.ptosanjose.com; posee una fecha de caducidad o expiraci\u00f3n\u00a0 determinada, cumplida la cual la cookie deja de funcionar. Nos<br \/>permiten identificar tus acciones y preferencias; analizar las visitas y nos ayudan a comprender c\u00f3mo llegan los usuarios a nuestra p\u00e1gina y mejorar nuestros servicios.<br \/>\uf0b7 Cookies de Funcionalidad: Permiten a <a href=\"http:\/\/www.ptosanjose.com\">www.ptosanjose.com <\/a>recordar decisiones adoptadas por el usuario, como su login o identificador.<br \/>La informaci\u00f3n de estas cookies recogen se anonimiza (es decir, no contiene ni tu nombre, direcci\u00f3n, u otros datos).<br \/>\uf0b7 Cookies de Terceros. Las cookies de terceros son las cookies que instala un sitio web que no es el que est\u00e1s visitando; por ejemplo, las usadas por redes sociales (como Facebook) o por complementos externos de contenido (como Google Maps). Adem\u00e1s, algunas empresas de publicidad usan este tipo de archivos para realizar un seguimiento de tus visitas en cada<br \/>sitio en el que se anuncian.<br \/>\uf0b7 Cookies Anal\u00edticas: Son cookies que tienen por finalidad el mantenimiento peri\u00f3dico y garantizar el mejor funcionamiento y servicio al usuario; recopilando datos de tu actividad.<\/p>\n<p><strong>Uso de Cookies por parte de <a href=\"http:\/\/www.ptosanjose.com\">www.ptosanjose.com<\/a><\/strong><br \/>Mediante el acceso a www.ptosanjose.com, aceptas de manera expresa que podamos usar este tipo de cookies en tus dispositivos. Si desactivas las cookies, puede que tu navegaci\u00f3n por\u00a0www.ptosanjose.com no sea \u00f3ptima y algunas de las utilidades que dispone\u00a0www.ptosanjose.com no funcionen correctamente.<\/p>\n<p>a) Cookies propias<br \/>Con el fin de reconocerte y prestarte un mejor servicio, nuestro sitio utiliza cookies (peque\u00f1os archivos de texto que tu navegador almacena) propias. Las ventajas que conlleva la aceptaci\u00f3n de nuestras cookies se traduce en un ahorro de tiempo. Asimismo pueden ser utilizadas tambi\u00e9n para reconocerte entre visitas sucesivas y as\u00ed adaptar el contenido que se\u00a0te muestra, para obtener informaci\u00f3n acerca de la fecha y hora de tu \u00faltima visita, medir algunos par\u00e1metros de tr\u00e1fico dentro del propio sitio, y estimar el n\u00famero de visitas realizadas, de manera que podamos enfocar y ajustar los servicios y promociones de forma m\u00e1s efectiva.<br \/>Ninguna cookie permite que pueda contactarse con tu n\u00famero de tel\u00e9fono, tu direcci\u00f3n de correo electr\u00f3nico o con cualquier otro medio de contacto. Ninguna cookie puede extraer informaci\u00f3n de tu disco duro o robar informaci\u00f3n personal.<\/p>\n<p>\u00a0<\/p>\n<table style=\"height: 140px;\" width=\"500\">\n<tbody>\n<tr>\n<td colspan=\"2\">\n<p><b>COOKIES PROPIAS<\/b><\/p>\n<\/td>\n<\/tr>\n<tr>\n<td>\n<p><b>Nombre<\/b><\/p>\n<\/td>\n<td>\n<p><b>Prop\u00f3sito<\/b><\/p>\n<\/td>\n<\/tr>\n<tr>\n<td>\u00a0<\/td>\n<td>\u00a0<\/td>\n<\/tr>\n<\/tbody>\n<\/table>\n<p>b) Cookies de Terceros. Cookies de Google Analytics<br \/>El sitio utiliza el servicio Google Analytics, que es prestado por Google, Inc., entidad cuya oficina principal est\u00e1 en 1600 Amphitheatre Parkway, Mountain View (California), CA 94043, Estados Unidos (\u00abGoogle\u00bb).<br \/>Google Analytics utiliza cookies para ayudarnos a analizar el uso que hacen los usuarios del sitio. La informaci\u00f3n que genera la cookie acerca de tu uso del sitio (incluyendo tu direcci\u00f3n IP) ser\u00e1 directamente transmitida y archivada por Google en sus servidores de Estados Unidos. Google usar\u00e1 esta informaci\u00f3n por cuenta nuestra con el prop\u00f3sito de seguir la pista<br \/>de tu uso del sitio, recopilando informes de la actividad del sitio y prestando otros servicios relacionados con la actividad del sitio y el uso de Internet. Google podr\u00e1 transmitir dicha informaci\u00f3n a terceros cuando as\u00ed se lo requiera la legislaci\u00f3n, o cuando dichos terceros procesen la informaci\u00f3n por cuenta de Google. Google no asociar\u00e1 tu direcci\u00f3n IP con ning\u00fan otro dato del que disponga Google.<\/p>\n<p><br \/>Si lo deseas puedes rechazar el tratamiento de los datos o la informaci\u00f3n rechazando el uso de cookies mediante la selecci\u00f3n de la configuraci\u00f3n apropiada de tu navegador. Sin embargo, si lo haces, puede ser que no puedas usar la plena funcionabilidad de este sitio. Al utilizar este sitio consientes el tratamiento tu informaci\u00f3n por Google en la forma y para los fines arriba indicados.<br \/><br \/>M\u00e1s informaci\u00f3n en\u00a0 https:\/\/www.google.es\/intl\/es\/policies\/technologies\/cookies\/.<br \/>Google ha desarrollado un complemento que puede instalar en su navegador si desea no ser rastreado por sus cookies: https:\/\/tools.google.com\/dlpage\/gaoptout<\/p>\n<p>\u00a0<\/p>\n<table>\n<tbody>\n<tr>\n<td colspan=\"2\">\n<p><b>COOKIES ANAL\u00cdTICAS<\/b><\/p>\n<\/td>\n<\/tr>\n<tr>\n<td>\n<p><b>Nombre<\/b><\/p>\n<\/td>\n<td>\n<p><b>Proposito<\/b><\/p>\n<\/td>\n<\/tr>\n<tr>\n<td>\n<p><span style=\"font-weight: 400;\">_utma<\/span><\/p>\n<\/td>\n<td>\n<p><span style=\"font-weight: 400;\">Se usa para distinguir usuarios y sesiones. La cookie se crea cuando se<\/span><\/p>\n<p><span style=\"font-weight: 400;\">ejecuta la biblioteca JavaScript y no hay ninguna cookie __utma. La cookie se actualiza cada vez que se env\u00edan datos a Google Analytics.<\/span><\/p>\n<\/td>\n<\/tr>\n<tr>\n<td>\n<p><span style=\"font-weight: 400;\">_utmt\u00a0<\/span><\/p>\n<\/td>\n<td>\n<p><span style=\"font-weight: 400;\">Se usa para limitar el porcentaje de solicitudes.<\/span><\/p>\n<\/td>\n<\/tr>\n<tr>\n<td>\n<p><span style=\"font-weight: 400;\">_utmb<\/span><\/p>\n<\/td>\n<td>\n<p><span style=\"font-weight: 400;\">Se usa para determinar nuevas sesiones o visitas. La cookie se crea cuando<\/span><\/p>\n<p><span style=\"font-weight: 400;\">se ejecuta la biblioteca JavaScript y no hay ninguna cookie __utmb. La cookie<\/span><\/p>\n<p><span style=\"font-weight: 400;\">se actualiza cada vez que se env\u00edan datos a Google Analytics.<\/span><\/p>\n<\/td>\n<\/tr>\n<tr>\n<td>\n<p><span style=\"font-weight: 400;\">_utmc<\/span><\/p>\n<\/td>\n<td>\n<p><span style=\"font-weight: 400;\">No se usa en ga.js. Se configura para interactuar con urchin.js.<\/span><\/p>\n<p><span style=\"font-weight: 400;\">Anteriormente, esta cookie actuaba junto con la cookie __utmb para<\/span><\/p>\n<p><span style=\"font-weight: 400;\">determinar si el usuario estaba en una nueva sesi\u00f3n o visita.<\/span><\/p>\n<\/td>\n<\/tr>\n<tr>\n<td>\n<p><span style=\"font-weight: 400;\">_utmz<\/span><\/p>\n<\/td>\n<td>\n<p><span style=\"font-weight: 400;\">Almacena la fuente de tr\u00e1fico o la campa\u00f1a que explica c\u00f3mo ha llegado el<\/span><\/p>\n<p><span style=\"font-weight: 400;\">usuario al sitio. La cookie se crea cuando se ejecuta la biblioteca JavaScript y<\/span><\/p>\n<p><span style=\"font-weight: 400;\">se actualiza cada vez que se env\u00edan datos a Google Analytics.<\/span><\/p>\n<\/td>\n<\/tr>\n<tr>\n<td>\n<p><span style=\"font-weight: 400;\">_utmv<\/span><\/p>\n<\/td>\n<td>\n<p><span style=\"font-weight: 400;\">Se usa para almacenar datos de variables personalizadas de visitante. Esta<\/span><\/p>\n<p><span style=\"font-weight: 400;\">cookie se crea cuando un programador usa el m\u00e9todo _setCustomVar con<\/span><\/p>\n<p><span style=\"font-weight: 400;\">una variable personalizada de visitante. Tambi\u00e9n se usaba para el m\u00e9todo<\/span><\/p>\n<p><span style=\"font-weight: 400;\">_setVar retirado. La cookie se actualiza cada vez que se env\u00edan datos a<\/span><\/p>\n<p><span style=\"font-weight: 400;\">Google Analytics.<\/span><\/p>\n<\/td>\n<\/tr>\n<tr>\n<td>\n<p><span style=\"font-weight: 400;\">_ga<\/span><\/p>\n<\/td>\n<td>\n<p><span style=\"font-weight: 400;\">Se usa para diferenciar entre usuarios y sesiones. La cookie se crea al cargar<\/span><\/p>\n<p><span style=\"font-weight: 400;\">la librer\u00eda javascript y no existe una versi\u00f3n previa de la cookie _ga. La cookie<\/span><\/p>\n<p><span style=\"font-weight: 400;\">se actualiza cada vez que envia los datos a Google Analytics.<\/span><\/p>\n<\/td>\n<\/tr>\n<tr>\n<td>\n<p><span style=\"font-weight: 400;\">_gat<\/span><\/p>\n<\/td>\n<td>\n<p><span style=\"font-weight: 400;\">Se usa para diferenciar entre los diferentes objetos de seguimiento creados<\/span><\/p>\n<p><span style=\"font-weight: 400;\">en la sesi\u00f3n. La cookie se crea al cargar la librer\u00eda javascript y no existe una<\/span><\/p>\n<p><span style=\"font-weight: 400;\">versi\u00f3n previa de la cookie _gat. La cookie se actualiza cada vez que envia los datos a Google Analytics.<\/span><\/p>\n<\/td>\n<\/tr>\n<\/tbody>\n<\/table>\n<p><strong>Configuraci\u00f3n del usuario para evitar Cookies.<\/strong><br \/>Desde www.ptosanjose.com y en cumplimiento de la normativa legal vigente, ponemos a tu disposici\u00f3n<br \/>la informaci\u00f3n que te permita configurar tu navegador\/navegadores de Internet para<br \/>mantener tu privacidad y seguridad en relaci\u00f3n a las cookies. Por ello, te facilitamos la<br \/>informaci\u00f3n y enlaces a los sitos de soporte oficiales de los principales navegadores para que<br \/>puedas decidir si deseas o no aceptar el uso de cookies.<br \/>As\u00ed, puedes bloquear las cookies a trav\u00e9s de las herramientas de configuraci\u00f3n del navegador o<br \/>bien puedes configurar tu navegador para que te avise cuando un servidor quiera guardar una cookie:<br \/>a) Si utilizas Microsoft Internet Explorer, en la opci\u00f3n de men\u00fa Herramientas &gt; Opciones de Internet &gt; Privacidad &gt; Configuraci\u00f3n. Para saber m\u00e1s visita<\/p>\n<p>https:\/\/support.microsoft.com\/es-es\/help\/17442\/windows-internet-explorer-delete-manage-cookies<\/p>\n<p>b) Si utilizas Firefox, en la opci\u00f3n de men\u00fa Herramientas &gt; Opciones &gt; Privacidad &gt;Cookies. Para saber m\u00e1s visita<br \/>https:\/\/support.mozilla.org\/es\/kb\/Deshabilitar%20cookies%20de%20terceros<br \/>c) Si utilizas Chrome, en la secci\u00f3n de Opciones &gt; Opciones avanzadas &gt; Privacidad. Para\u00a0saber m\u00e1s http:\/\/support.google.com\/chrome\/bin\/answer.py?hl=es&amp;answer=95647<br \/>d) Si utilizas Opera, en la opci\u00f3n de Seguridad y Privacidad, podr\u00e1s configurar el\u00a0navegador. Para saber m\u00e1s visita<br \/>http:\/\/www.opera.com\/help\/tutorials\/security\/cookies\/<br \/>e) Si utilizas Safari, en la opci\u00f3n Preferencias &gt; Seguridad o Privacidad, podr\u00e1s configurar\u00a0Navegador. Para saber mas visita:<br \/>hhttps:\/\/support.apple.com\/kb\/PH21411viewlocale=es_ES&amp;locale=es_ES<br \/>f) Si desea deshabilitar Google Universal Analytics, puede instalar la siguiente extensi\u00f3n<br \/>proporcionada por Google: https:\/\/tools.google.com\/dlpage\/gaoptout<\/p>\n\n\n<p><\/p>\n","protected":false},"excerpt":{"rendered":"<p>Esta p\u00e1gina web utiliza cookies propias y de terceros. Si continua navegando consideramos que acepta su uso. Puede cambiar la &hellip; <\/p>\n","protected":false},"author":1,"featured_media":0,"parent":0,"menu_order":0,"comment_status":"closed","ping_status":"closed","template":"","meta":{"_eb_attr":"","footnotes":""},"class_list":["post-1288","page","type-page","status-publish","hentry","latest_post"],"_links":{"self":[{"href":"https:\/\/www.ptosanjose.com\/colegio\/wp-json\/wp\/v2\/pages\/1288","targetHints":{"allow":["GET"]}}],"collection":[{"href":"https:\/\/www.ptosanjose.com\/colegio\/wp-json\/wp\/v2\/pages"}],"about":[{"href":"https:\/\/www.ptosanjose.com\/colegio\/wp-json\/wp\/v2\/types\/page"}],"author":[{"embeddable":true,"href":"https:\/\/www.ptosanjose.com\/colegio\/wp-json\/wp\/v2\/users\/1"}],"replies":[{"embeddable":true,"href":"https:\/\/www.ptosanjose.com\/colegio\/wp-json\/wp\/v2\/comments?post=1288"}],"version-history":[{"count":7,"href":"https:\/\/www.ptosanjose.com\/colegio\/wp-json\/wp\/v2\/pages\/1288\/revisions"}],"predecessor-version":[{"id":2824,"href":"https:\/\/www.ptosanjose.com\/colegio\/wp-json\/wp\/v2\/pages\/1288\/revisions\/2824"}],"wp:attachment":[{"href":"https:\/\/www.ptosanjose.com\/colegio\/wp-json\/wp\/v2\/media?parent=1288"}],"curies":[{"name":"wp","href":"https:\/\/api.w.org\/{rel}","templated":true}]}}