{"id":3888,"date":"2020-09-11T16:12:58","date_gmt":"2020-09-11T15:12:58","guid":{"rendered":"http:\/\/www.ptosanjose.com\/colegio\/?page_id=3888"},"modified":"2023-09-10T09:19:03","modified_gmt":"2023-09-10T08:19:03","slug":"documentos-familias","status":"publish","type":"page","link":"https:\/\/www.ptosanjose.com\/colegio\/documentos-familias\/","title":{"rendered":"Documentos Familias"},"content":{"rendered":"\n<ul class=\"wp-block-list\"><li><a rel=\"noreferrer noopener\" href=\"https:\/\/drive.google.com\/file\/d\/1ML8Wg1c7elrSgPERIqzRK7JUEBEHIr_s\/view?usp=sharing\" target=\"_blank\">Autorizaci\u00f3n a un menor para salir solo del centro<\/a><\/li><li><a href=\"https:\/\/drive.google.com\/file\/d\/13J1ErmKDdfaicicAjrmCj2pWZjOeQnNk\/view?usp=sharing\">Autorizaci\u00f3n para salir con hermanos<\/a><\/li><li><a rel=\"noreferrer noopener\" href=\"https:\/\/drive.google.com\/file\/d\/1cKjX-wVmP-CtfoCtvOGC1KW9M5ZdRFFq\/view?usp=sharing\" target=\"_blank\">Autorizaci\u00f3n para recoger alumnos<\/a><\/li><li><a href=\"https:\/\/drive.google.com\/file\/d\/1ya2Vf3fL30Jkp_9Y5zIHf7Dfg8JDpTWm\/view?usp=drive_link\">Autorizaci\u00f3n administraci\u00f3n de medicamentos.<\/a><\/li><\/ul>\n\n\n\n<p><\/p>\n","protected":false},"excerpt":{"rendered":"<p>Autorizaci\u00f3n a un menor para salir solo del centro Autorizaci\u00f3n para salir con hermanos Autorizaci\u00f3n para recoger alumnos Autorizaci\u00f3n administraci\u00f3n &hellip; <\/p>\n","protected":false},"author":1,"featured_media":0,"parent":0,"menu_order":0,"comment_status":"closed","ping_status":"closed","template":"","meta":{"_eb_attr":"","footnotes":""},"class_list":["post-3888","page","type-page","status-publish","hentry","latest_post"],"_links":{"self":[{"href":"https:\/\/www.ptosanjose.com\/colegio\/wp-json\/wp\/v2\/pages\/3888","targetHints":{"allow":["GET"]}}],"collection":[{"href":"https:\/\/www.ptosanjose.com\/colegio\/wp-json\/wp\/v2\/pages"}],"about":[{"href":"https:\/\/www.ptosanjose.com\/colegio\/wp-json\/wp\/v2\/types\/page"}],"author":[{"embeddable":true,"href":"https:\/\/www.ptosanjose.com\/colegio\/wp-json\/wp\/v2\/users\/1"}],"replies":[{"embeddable":true,"href":"https:\/\/www.ptosanjose.com\/colegio\/wp-json\/wp\/v2\/comments?post=3888"}],"version-history":[{"count":11,"href":"https:\/\/www.ptosanjose.com\/colegio\/wp-json\/wp\/v2\/pages\/3888\/revisions"}],"predecessor-version":[{"id":5703,"href":"https:\/\/www.ptosanjose.com\/colegio\/wp-json\/wp\/v2\/pages\/3888\/revisions\/5703"}],"wp:attachment":[{"href":"https:\/\/www.ptosanjose.com\/colegio\/wp-json\/wp\/v2\/media?parent=3888"}],"curies":[{"name":"wp","href":"https:\/\/api.w.org\/{rel}","templated":true}]}}