{"id":4163,"date":"2020-11-10T23:54:38","date_gmt":"2020-11-10T22:54:38","guid":{"rendered":"http:\/\/www.ptosanjose.com\/colegio\/?page_id=4163"},"modified":"2021-08-04T08:32:44","modified_gmt":"2021-08-04T07:32:44","slug":"infantil","status":"publish","type":"page","link":"https:\/\/www.ptosanjose.com\/colegio\/infantil\/","title":{"rendered":"Infantil"},"content":{"rendered":"<p><span style=\"font-family: tahoma, arial, helvetica, sans-serif;\">Los primeros a\u00f1os de vida son fundamentales para el desarrollo f\u00edsico, social, emocional y cognitivo. \u00a1Y queremos acompa\u00f1arles y acompa\u00f1aros!<\/span><\/p>\n<p><a href=\"https:\/\/www.ptosanjose.com\/colegio\/wp-content\/uploads\/2021\/04\/Magenta-and-Blue-Sidebar-Vibrant-and-Dynamic-Corporate-Retractable-Exhibition-Banner-4-scaled-e1619377406616.jpg\"><img loading=\"lazy\" decoding=\"async\" class=\"alignnone wp-image-4750 size-large\" src=\"https:\/\/www.ptosanjose.com\/colegio\/wp-content\/uploads\/2021\/04\/Magenta-and-Blue-Sidebar-Vibrant-and-Dynamic-Corporate-Retractable-Exhibition-Banner-4-1024x307.jpg\" alt=\"\" width=\"750\" height=\"225\" \/><\/a><\/p>\n<p><span style=\"font-family: tahoma, arial, helvetica, sans-serif;\">Bienvenidos a la etapa de Infantil<\/span><\/p>\n<p><span style=\"font-family: tahoma, arial, helvetica, sans-serif;\">En nuestro cole las familias tienen la oportunidad de que sus hijos e hijas empiecen en el cole de mayores desde los 2 a\u00f1os y que se sientan parte de \u00e9l hasta los 18 a\u00f1os.<\/span><\/p>\n<p><span style=\"font-family: tahoma, arial, helvetica, sans-serif;\">Somos un colegio con m\u00e1s de 50 a\u00f1os de experiencia y experiencias. Cada a\u00f1o nuestros peque\u00f1os nos roban los corazones y empezamos a formar una nueva familia que se unir\u00e1 a la gran familia del colegio San Jos\u00e9.<\/span><\/p>\n<p><span style=\"font-family: tahoma, arial, helvetica, sans-serif;\">Este a\u00f1o, <strong>abrimos de nuevo las puertas al 1er Ciclo de Educaci\u00f3n Infantil (2 a\u00f1os)<\/strong> y como siempre, mantenemos nuestras aulas para los alumnos y alumnas de 3 a 5 a\u00f1os (2\u00ba Ciclo de Educaci\u00f3n Infantil)<\/span><\/p>\n<p><span style=\"font-family: tahoma, arial, helvetica, sans-serif;\">Desde este curso contamos con un nuevo programa pedag\u00f3gico <span style=\"color: #99cc00;\"><strong>INSPIRA<\/strong><\/span> dirigido al segundo ciclo de la etapa infantil (3 a 6 a\u00f1os) y con los objetivos de proporcionar calma en el aula, respetar el ritmo de aprendizaje de los alumnos y todo basado en las conclusiones que nos aporta la neuroeducaci\u00f3n.<\/span><\/p>\n<p><a href=\"https:\/\/www.ptosanjose.com\/colegio\/wp-content\/uploads\/2021\/04\/CAJA_SENSORIAL_DE_INSPIRA.png\"><img loading=\"lazy\" decoding=\"async\" class=\"wp-image-4714 aligncenter\" src=\"https:\/\/www.ptosanjose.com\/colegio\/wp-content\/uploads\/2021\/04\/CAJA_SENSORIAL_DE_INSPIRA.png\" alt=\"\" width=\"654\" height=\"426\" \/><\/a><\/p>\n<p><span style=\"font-family: tahoma, arial, helvetica, sans-serif;\">Adem\u00e1s del nuevo proyecto y las \u00e1reas que corresponden al nivel educativo, seguimos con nuestros proyectos de <span style=\"font-family: impact, sans-serif; color: #ff9900;\">huerto escolar<\/span>, <span style=\"color: #ff99cc;\"><strong><span style=\"font-family: georgia, palatino, serif;\">psicomotricidad<\/span><\/strong><\/span>, <span style=\"font-family: impact, sans-serif; color: #30bfa3;\">rob\u00f3tica<\/span>, <span style=\"color: #cc99ff;\"><strong><span style=\"font-family: 'courier new', courier, monospace;\">ajedrez<\/span><\/strong><\/span>, <span style=\"font-family: 'arial black', sans-serif; color: #00ccff;\">padrino lector<\/span>\u00a0y <span style=\"color: #ff6600;\"><span style=\"font-family: impact, sans-serif;\"><strong>educaci\u00f3n emocional<\/strong><\/span>.<\/span>\u00a0<\/span><\/p>\n<p><a href=\"https:\/\/www.ptosanjose.com\/colegio\/wp-content\/uploads\/2021\/04\/20210324_160229-scaled.jpg\"><img loading=\"lazy\" decoding=\"async\" class=\"wp-image-4718 size-large aligncenter\" src=\"https:\/\/www.ptosanjose.com\/colegio\/wp-content\/uploads\/2021\/04\/20210324_160229-1024x768.jpg\" alt=\"\" width=\"750\" height=\"563\" srcset=\"https:\/\/www.ptosanjose.com\/colegio\/wp-content\/uploads\/2021\/04\/20210324_160229-1024x768.jpg 1024w, https:\/\/www.ptosanjose.com\/colegio\/wp-content\/uploads\/2021\/04\/20210324_160229-300x225.jpg 300w, https:\/\/www.ptosanjose.com\/colegio\/wp-content\/uploads\/2021\/04\/20210324_160229-768x576.jpg 768w, https:\/\/www.ptosanjose.com\/colegio\/wp-content\/uploads\/2021\/04\/20210324_160229-1536x1152.jpg 1536w, https:\/\/www.ptosanjose.com\/colegio\/wp-content\/uploads\/2021\/04\/20210324_160229-2048x1536.jpg 2048w, https:\/\/www.ptosanjose.com\/colegio\/wp-content\/uploads\/2021\/04\/20210324_160229-600x450.jpg 600w\" sizes=\"auto, (max-width: 750px) 100vw, 750px\" \/><\/a><\/p>\n<p>&nbsp;<\/p>\n<p><span style=\"font-family: tahoma, arial, helvetica, sans-serif;\">Y adem\u00e1s, tenemos la suerte de contar con un gran equipo docente que ama su trabajo y se entrega en cuerpo y alma a sus alumnos.\u00a0<\/span><\/p>\n<p><span style=\"font-family: tahoma, arial, helvetica, sans-serif;\">TUTORA DE 3 A\u00d1OS &#8211; Mar\u00eda Pozo<\/span><\/p>\n<p><span style=\"font-family: tahoma, arial, helvetica, sans-serif;\">TUTORA DE 4 A\u00d1OS &#8211; Tere Blanco<\/span><\/p>\n<p><span style=\"font-family: tahoma, arial, helvetica, sans-serif;\">TUTORA DE 5 A\u00d1OS &#8211; <\/span><span style=\"font-family: tahoma, arial, helvetica, sans-serif;\">Ana Bel\u00e9n Echecopar<\/span><\/p>\n<p><span style=\"font-family: tahoma, arial, helvetica, sans-serif;\">Maestra: Mari\u00e9n Mendiola<\/span><\/p>\n<p>&nbsp;<\/p>\n<p><span style=\"font-family: tahoma, arial, helvetica, sans-serif;\">Si quieres saber m\u00e1s:<\/span><\/p>\n<p><a href=\"https:\/\/www.ptosanjose.com\/colegio\/1er-ciclo-de-infantil\/\"><img loading=\"lazy\" decoding=\"async\" class=\"alignnone wp-image-4778 size-thumbnail\" src=\"https:\/\/www.ptosanjose.com\/colegio\/wp-content\/uploads\/2021\/04\/Tienda-de-Etsy-Icono-Libreri\u0301a-150x150.png\" alt=\"\" width=\"150\" height=\"150\" \/><\/a><a href=\"https:\/\/www.ptosanjose.com\/colegio\/2o-ciclo-de-infantil\/\"><img loading=\"lazy\" decoding=\"async\" class=\"alignnone wp-image-4779 size-thumbnail\" src=\"https:\/\/www.ptosanjose.com\/colegio\/wp-content\/uploads\/2021\/04\/Tienda-de-Etsy-Icono-Libreri\u0301a-1-150x150.png\" alt=\"\" width=\"150\" height=\"150\" \/><\/a><\/p>\n<p>&nbsp;<\/p>\n","protected":false},"excerpt":{"rendered":"<p>Los primeros a\u00f1os de vida son fundamentales para el desarrollo f\u00edsico, social, emocional y cognitivo. \u00a1Y queremos acompa\u00f1arles y acompa\u00f1aros! &hellip; <\/p>\n","protected":false},"author":28,"featured_media":4694,"parent":0,"menu_order":0,"comment_status":"closed","ping_status":"closed","template":"","meta":{"_eb_attr":"","footnotes":""},"class_list":["post-4163","page","type-page","status-publish","has-post-thumbnail","hentry","latest_post"],"_links":{"self":[{"href":"https:\/\/www.ptosanjose.com\/colegio\/wp-json\/wp\/v2\/pages\/4163","targetHints":{"allow":["GET"]}}],"collection":[{"href":"https:\/\/www.ptosanjose.com\/colegio\/wp-json\/wp\/v2\/pages"}],"about":[{"href":"https:\/\/www.ptosanjose.com\/colegio\/wp-json\/wp\/v2\/types\/page"}],"author":[{"embeddable":true,"href":"https:\/\/www.ptosanjose.com\/colegio\/wp-json\/wp\/v2\/users\/28"}],"replies":[{"embeddable":true,"href":"https:\/\/www.ptosanjose.com\/colegio\/wp-json\/wp\/v2\/comments?post=4163"}],"version-history":[{"count":9,"href":"https:\/\/www.ptosanjose.com\/colegio\/wp-json\/wp\/v2\/pages\/4163\/revisions"}],"predecessor-version":[{"id":5054,"href":"https:\/\/www.ptosanjose.com\/colegio\/wp-json\/wp\/v2\/pages\/4163\/revisions\/5054"}],"wp:featuredmedia":[{"embeddable":true,"href":"https:\/\/www.ptosanjose.com\/colegio\/wp-json\/wp\/v2\/media\/4694"}],"wp:attachment":[{"href":"https:\/\/www.ptosanjose.com\/colegio\/wp-json\/wp\/v2\/media?parent=4163"}],"curies":[{"name":"wp","href":"https:\/\/api.w.org\/{rel}","templated":true}]}}

<p><span style="font-family: tahoma, arial, helvetica, sans-serif;">Los primeros años de vida son fundamentales para el desarrollo físico, social, emocional y cognitivo. ¡Y queremos acompañarles y acompañaros!</span></p>
<p><a href="https://www.ptosanjose.com/colegio/wp-content/uploads/2021/04/Magenta-and-Blue-Sidebar-Vibrant-and-Dynamic-Corporate-Retractable-Exhibition-Banner-4-scaled-e1619377406616.jpg"><img loading="lazy" decoding="async" class="alignnone wp-image-4750 size-large" src="https://www.ptosanjose.com/colegio/wp-content/uploads/2021/04/Magenta-and-Blue-Sidebar-Vibrant-and-Dynamic-Corporate-Retractable-Exhibition-Banner-4-1024x307.jpg" alt="" width="750" height="225" /></a></p>
<p><span style="font-family: tahoma, arial, helvetica, sans-serif;">Bienvenidos a la etapa de Infantil</span></p>
<p><span style="font-family: tahoma, arial, helvetica, sans-serif;">En nuestro cole las familias tienen la oportunidad de que sus hijos e hijas empiecen en el cole de mayores desde los 2 años y que se sientan parte de él hasta los 18 años.</span></p>
<p><span style="font-family: tahoma, arial, helvetica, sans-serif;">Somos un colegio con más de 50 años de experiencia y experiencias. Cada año nuestros pequeños nos roban los corazones y empezamos a formar una nueva familia que se unirá a la gran familia del colegio San José.</span></p>
<p><span style="font-family: tahoma, arial, helvetica, sans-serif;">Este año, <strong>abrimos de nuevo las puertas al 1er Ciclo de Educación Infantil (2 años)</strong> y como siempre, mantenemos nuestras aulas para los alumnos y alumnas de 3 a 5 años (2º Ciclo de Educación Infantil)</span></p>
<p><span style="font-family: tahoma, arial, helvetica, sans-serif;">Desde este curso contamos con un nuevo programa pedagógico <span style="color: #99cc00;"><strong>INSPIRA</strong></span> dirigido al segundo ciclo de la etapa infantil (3 a 6 años) y con los objetivos de proporcionar calma en el aula, respetar el ritmo de aprendizaje de los alumnos y todo basado en las conclusiones que nos aporta la neuroeducación.</span></p>
<p><a href="https://www.ptosanjose.com/colegio/wp-content/uploads/2021/04/CAJA_SENSORIAL_DE_INSPIRA.png"><img loading="lazy" decoding="async" class="wp-image-4714 aligncenter" src="https://www.ptosanjose.com/colegio/wp-content/uploads/2021/04/CAJA_SENSORIAL_DE_INSPIRA.png" alt="" width="654" height="426" /></a></p>
<p><span style="font-family: tahoma, arial, helvetica, sans-serif;">Además del nuevo proyecto y las áreas que corresponden al nivel educativo, seguimos con nuestros proyectos de <span style="font-family: impact, sans-serif; color: #ff9900;">huerto escolar</span>, <span style="color: #ff99cc;"><strong><span style="font-family: georgia, palatino, serif;">psicomotricidad</span></strong></span>, <span style="font-family: impact, sans-serif; color: #30bfa3;">robótica</span>, <span style="color: #cc99ff;"><strong><span style="font-family: 'courier new', courier, monospace;">ajedrez</span></strong></span>, <span style="font-family: 'arial black', sans-serif; color: #00ccff;">padrino lector</span> y <span style="color: #ff6600;"><span style="font-family: impact, sans-serif;"><strong>educación emocional</strong></span>.</span> </span></p>
<p><a href="https://www.ptosanjose.com/colegio/wp-content/uploads/2021/04/20210324_160229-scaled.jpg"><img loading="lazy" decoding="async" class="wp-image-4718 size-large aligncenter" src="https://www.ptosanjose.com/colegio/wp-content/uploads/2021/04/20210324_160229-1024x768.jpg" alt="" width="750" height="563" srcset="https://www.ptosanjose.com/colegio/wp-content/uploads/2021/04/20210324_160229-1024x768.jpg 1024w, https://www.ptosanjose.com/colegio/wp-content/uploads/2021/04/20210324_160229-300x225.jpg 300w, https://www.ptosanjose.com/colegio/wp-content/uploads/2021/04/20210324_160229-768x576.jpg 768w, https://www.ptosanjose.com/colegio/wp-content/uploads/2021/04/20210324_160229-1536x1152.jpg 1536w, https://www.ptosanjose.com/colegio/wp-content/uploads/2021/04/20210324_160229-2048x1536.jpg 2048w, https://www.ptosanjose.com/colegio/wp-content/uploads/2021/04/20210324_160229-600x450.jpg 600w" sizes="auto, (max-width: 750px) 100vw, 750px" /></a></p>
<p>&nbsp;</p>
<p><span style="font-family: tahoma, arial, helvetica, sans-serif;">Y además, tenemos la suerte de contar con un gran equipo docente que ama su trabajo y se entrega en cuerpo y alma a sus alumnos. </span></p>
<p><span style="font-family: tahoma, arial, helvetica, sans-serif;">TUTORA DE 3 AÑOS &#8211; María Pozo</span></p>
<p><span style="font-family: tahoma, arial, helvetica, sans-serif;">TUTORA DE 4 AÑOS &#8211; Tere Blanco</span></p>
<p><span style="font-family: tahoma, arial, helvetica, sans-serif;">TUTORA DE 5 AÑOS &#8211; </span><span style="font-family: tahoma, arial, helvetica, sans-serif;">Ana Belén Echecopar</span></p>
<p><span style="font-family: tahoma, arial, helvetica, sans-serif;">Maestra: Marién Mendiola</span></p>
<p>&nbsp;</p>
<p><span style="font-family: tahoma, arial, helvetica, sans-serif;">Si quieres saber más:</span></p>
<p><a href="https://www.ptosanjose.com/colegio/1er-ciclo-de-infantil/"><img loading="lazy" decoding="async" class="alignnone wp-image-4778 size-thumbnail" src="https://www.ptosanjose.com/colegio/wp-content/uploads/2021/04/Tienda-de-Etsy-Icono-Librería-150x150.png" alt="" width="150" height="150" /></a><a href="https://www.ptosanjose.com/colegio/2o-ciclo-de-infantil/"><img loading="lazy" decoding="async" class="alignnone wp-image-4779 size-thumbnail" src="https://www.ptosanjose.com/colegio/wp-content/uploads/2021/04/Tienda-de-Etsy-Icono-Librería-1-150x150.png" alt="" width="150" height="150" /></a></p>
<p>&nbsp;</p>

<p>Los primeros años de vida son fundamentales para el desarrollo físico, social, emocional y cognitivo. ¡Y queremos acompañarles y acompañaros! &hellip; </p>
