{"id":4172,"date":"2020-11-10T23:55:31","date_gmt":"2020-11-10T22:55:31","guid":{"rendered":"http:\/\/www.ptosanjose.com\/colegio\/?page_id=4172"},"modified":"2021-04-25T19:14:56","modified_gmt":"2021-04-25T18:14:56","slug":"ciclos-formativos-2","status":"publish","type":"page","link":"https:\/\/www.ptosanjose.com\/colegio\/ciclos-formativos-2\/","title":{"rendered":"Ciclos Formativos"},"content":{"rendered":"<p><a href=\"https:\/\/www.ptosanjose.com\/colegio\/wp-content\/uploads\/2021\/04\/Magenta-and-Blue-Sidebar-Vibrant-and-Dynamic-Corporate-Retractable-Exhibition-Banner-scaled-e1619374115884.jpg\"><img loading=\"lazy\" decoding=\"async\" class=\"alignnone size-full wp-image-4746\" src=\"https:\/\/www.ptosanjose.com\/colegio\/wp-content\/uploads\/2021\/04\/Magenta-and-Blue-Sidebar-Vibrant-and-Dynamic-Corporate-Retractable-Exhibition-Banner-scaled-e1619374115884.jpg\" alt=\"\" width=\"1500\" height=\"450\" \/><\/a><\/p>\n<p><span style=\"font-size: 18px;\"><span style=\"font-family: tahoma, arial, helvetica, sans-serif;\">M\u00e1s de 20 a\u00f1os formando t\u00e9cnicos en Cuidados Auxiliares de <\/span><span style=\"font-family: tahoma, arial, helvetica, sans-serif;\">Enfermer\u00eda y T\u00e9cnicos en Farmacia y Parafarmacia<\/span><\/span><\/p>\n<p>&nbsp;<\/p>\n<p>&nbsp;<\/p>\n<p>&nbsp;<\/p>\n<p><span style=\"font-family: tahoma, arial, helvetica, sans-serif;\">Desde hace m\u00e1s de 20 a\u00f1os en el Colegio Diocesano San Jos\u00e9 de Moncada apostamos por la <\/span><span style=\"font-family: tahoma, arial, helvetica, sans-serif;\">formaci\u00f3n te\u00f3rico-pr\u00e1ctica que ofrecen los Ciclos Formativos de Grado Medio, una formaci\u00f3n <\/span><span style=\"font-family: tahoma, arial, helvetica, sans-serif;\">que actualmente supera en tasa de empleabilidad a los estudios superiores universitarios y <\/span><span style=\"font-family: tahoma, arial, helvetica, sans-serif;\">que proporciona a nuestros alumnos las competencias y habilidades necesarias para el mundo <\/span><span style=\"font-family: tahoma, arial, helvetica, sans-serif;\">laboral.<\/span><br \/>\n<span style=\"font-family: tahoma, arial, helvetica, sans-serif;\">En concreto, llevamos m\u00e1s de dos d\u00e9cadas formando T\u00e9cnicos en Cuidados Auxiliares de <\/span><span style=\"font-family: tahoma, arial, helvetica, sans-serif;\">Enfermer\u00eda y T\u00e9cnicos en Farmacia y Parafarmacia, dos ciclos de la rama sanitaria que se <\/span><span style=\"font-family: tahoma, arial, helvetica, sans-serif;\">sit\u00faan, hoy en d\u00eda, entre los perfiles m\u00e1s buscados por las empresas p\u00fablicas y privadas y m\u00e1s <\/span><span style=\"font-family: tahoma, arial, helvetica, sans-serif;\">demandados por la comunidad educativa.<\/span><\/p>\n<p><a href=\"https:\/\/www.ptosanjose.com\/colegio\/g-medio-en-farmacia-y-parafarmacia\/\"><img loading=\"lazy\" decoding=\"async\" class=\"wp-image-4736 size-medium aligncenter\" src=\"https:\/\/www.ptosanjose.com\/colegio\/wp-content\/uploads\/2021\/04\/Yellow-and-Orange-Rectangles-Modern-Swiss-Business-Retractable-Exhibition-Banner-5-300x120.png\" alt=\"\" width=\"300\" height=\"120\" \/><\/a><a href=\"https:\/\/www.ptosanjose.com\/colegio\/g-medio-cuidados-auxiliares-de-enfermeria\/\"><img loading=\"lazy\" decoding=\"async\" class=\"wp-image-4735 size-medium aligncenter\" src=\"https:\/\/www.ptosanjose.com\/colegio\/wp-content\/uploads\/2021\/04\/Yellow-and-Orange-Rectangles-Modern-Swiss-Business-Retractable-Exhibition-Banner-4-2-300x120.png\" alt=\"\" width=\"300\" height=\"120\" \/><\/a><a href=\"https:\/\/www.ptosanjose.com\/colegio\/requisitos-de-acceso-a-los-ciclos\/\"><img loading=\"lazy\" decoding=\"async\" class=\"wp-image-4725 size-medium aligncenter\" src=\"https:\/\/www.ptosanjose.com\/colegio\/wp-content\/uploads\/2021\/04\/Yellow-and-Orange-Rectangles-Modern-Swiss-Business-Retractable-Exhibition-Banner-1-300x120.png\" alt=\"\" width=\"300\" height=\"120\" \/><\/a><a href=\"https:\/\/www.ptosanjose.com\/colegio\/preinscripcion-y-matricula\/\"><img loading=\"lazy\" decoding=\"async\" class=\"wp-image-4730 size-medium aligncenter\" src=\"https:\/\/www.ptosanjose.com\/colegio\/wp-content\/uploads\/2021\/04\/Yellow-and-Orange-Rectangles-Modern-Swiss-Business-Retractable-Exhibition-Banner-2-1-300x120.png\" alt=\"\" width=\"300\" height=\"120\" \/><\/a><\/p>\n<p>&nbsp;<\/p>\n","protected":false},"excerpt":{"rendered":"<p>M\u00e1s de 20 a\u00f1os formando t\u00e9cnicos en Cuidados Auxiliares de Enfermer\u00eda y T\u00e9cnicos en Farmacia y Parafarmacia &nbsp; &nbsp; &nbsp; &hellip; <\/p>\n","protected":false},"author":28,"featured_media":4703,"parent":0,"menu_order":0,"comment_status":"closed","ping_status":"closed","template":"","meta":{"_eb_attr":"","footnotes":""},"class_list":["post-4172","page","type-page","status-publish","has-post-thumbnail","hentry","latest_post"],"_links":{"self":[{"href":"https:\/\/www.ptosanjose.com\/colegio\/wp-json\/wp\/v2\/pages\/4172","targetHints":{"allow":["GET"]}}],"collection":[{"href":"https:\/\/www.ptosanjose.com\/colegio\/wp-json\/wp\/v2\/pages"}],"about":[{"href":"https:\/\/www.ptosanjose.com\/colegio\/wp-json\/wp\/v2\/types\/page"}],"author":[{"embeddable":true,"href":"https:\/\/www.ptosanjose.com\/colegio\/wp-json\/wp\/v2\/users\/28"}],"replies":[{"embeddable":true,"href":"https:\/\/www.ptosanjose.com\/colegio\/wp-json\/wp\/v2\/comments?post=4172"}],"version-history":[{"count":10,"href":"https:\/\/www.ptosanjose.com\/colegio\/wp-json\/wp\/v2\/pages\/4172\/revisions"}],"predecessor-version":[{"id":4616,"href":"https:\/\/www.ptosanjose.com\/colegio\/wp-json\/wp\/v2\/pages\/4172\/revisions\/4616"}],"wp:featuredmedia":[{"embeddable":true,"href":"https:\/\/www.ptosanjose.com\/colegio\/wp-json\/wp\/v2\/media\/4703"}],"wp:attachment":[{"href":"https:\/\/www.ptosanjose.com\/colegio\/wp-json\/wp\/v2\/media?parent=4172"}],"curies":[{"name":"wp","href":"https:\/\/api.w.org\/{rel}","templated":true}]}}