{"id":4638,"date":"2021-04-24T11:23:08","date_gmt":"2021-04-24T10:23:08","guid":{"rendered":"http:\/\/www.ptosanjose.com\/colegio\/?page_id=4638"},"modified":"2021-04-24T11:23:08","modified_gmt":"2021-04-24T10:23:08","slug":"g-medio-cuidados-auxiliares-de-enfermeria","status":"publish","type":"page","link":"https:\/\/www.ptosanjose.com\/colegio\/g-medio-cuidados-auxiliares-de-enfermeria\/","title":{"rendered":"G. Medio Cuidados auxiliares de Enfermer\u00eda"},"content":{"rendered":"<p>El CFGM en Cuidados Auxiliares de Enfermer\u00eda es uno de los tres ciclos de grado medio (y el<br \/>\nprimero en lo que a empleabilidad se refiere) de la familia de Sanidad. Es un ciclo de 1400<br \/>\nhoras y dos cursos acad\u00e9micos sujeto a la anterior Ley Org\u00e1nica 1\/1990, de 3 de octubre, de<br \/>\nOrdenaci\u00f3n General del Sistema Educativo (LOGSE) que cualifica a los estudiantes para ser<br \/>\nprofesionales capaces de:<\/p>\n<p>&#8211; Preparar los materiales y procesar la informaci\u00f3n de la consulta\/unidad en las \u00e1reas de<br \/>\nsu competencia.<br \/>\n&#8211; Aplicar cuidados auxiliares de enfermer\u00eda al paciente\/cliente.<br \/>\n&#8211; Cuidar las condiciones sanitarias del entorno del paciente y del material\/instrumental<br \/>\nsanitario utilizado en las distintas consultas\/unidades\/servicios.<br \/>\n&#8211; Colaborar en la prestaci\u00f3n de cuidados ps\u00edquicos al paciente\/cliente realizando, a su<br \/>\nnivel, la aplicaci\u00f3n de t\u00e9cnicas de apoyo psicol\u00f3gico y de educaci\u00f3n sanitaria.<br \/>\n&#8211; Realizar tareas de instrumentaci\u00f3n en equipos de salud bucodental.<\/p>\n<p>&nbsp;<\/p>\n<p><strong><span style=\"color: #ab0707;\">Asignaturas:<\/span><\/strong><\/p>\n<p>Primer curso<\/p>\n<ul>\n<li>Operaciones administrativas y documentaci\u00f3n sanitaria (2 h\/semana)<\/li>\n<li>T\u00e9cnicas b\u00e1sicas de enfermer\u00eda (11 h\/semana)<\/li>\n<li>Higiene del medio hospitalario y limpieza del material (5 h\/semana)<\/li>\n<li>Promoci\u00f3n de la salud y apoyo psicol\u00f3gico al paciente (4 h\/semana)<\/li>\n<li>T\u00e9cnicas de ayuda odontol\u00f3gica\/estomatol\u00f3gica (4 h\/semana)<\/li>\n<li>Relaciones en el entorno del trabajo (2 h\/semana)<\/li>\n<li>Formaci\u00f3n y Orientaci\u00f3n Laboral (F.O.L.) (2 h\/semana)<\/li>\n<\/ul>\n<p>&nbsp;<\/p>\n<p>Segundo curso:<\/p>\n<ul>\n<li>Formaci\u00f3n en Centros de Trabajo (F.C.T.) (440 horas totales)<\/li>\n<\/ul>\n<p>&nbsp;<\/p>\n<p><strong><span style=\"color: #ab0707;\">Salidas profesionales:<\/span><\/strong><\/p>\n<ul>\n<li>Atenci\u00f3n primaria y comunitaria: domiciliaria, promoci\u00f3n de la salud, salud<br \/>\nbucodental, consultas y residencias de ancianos.<\/li>\n<li>Atenci\u00f3n especializada: consultas, hospitalizaci\u00f3n, urgencias, pediatr\u00eda, unidades<br \/>\nespeciales (UVI, UCI, etc.) geriatr\u00eda, etc.<\/li>\n<li>Centros sanitarios, centros balneoter\u00e1picos, departamentos de asuntos sociales de<br \/>\nMinisterios, Comunidades Aut\u00f3nomas y Ayuntamientos.<\/li>\n<\/ul>\n<p>&nbsp;<\/p>\n<p><strong><span style=\"color: #ab0707;\">Continuidad de estudios<\/span><\/strong><\/p>\n<p>Al finalizar los estudios, tendr\u00e1s la posibilidad de ejercer la actividad profesional en el sector sanitario en empresas privadas o p\u00fablicas del sector o continuar los estudios (tanto en nuestro centro como en otros):<\/p>\n<ul>\n<li>Cursos de especializaci\u00f3n profesional<\/li>\n<li>Otro ciclo de Formaci\u00f3n Profesional con la posibilidad de establecer convalidaciones de m\u00f3dulos profesionales de acuerdo a la normativa vigente (como nuestro Ciclo Formativo de Grado Medio en Farmacia y Parafarmacia).<\/li>\n<li>El Bachillerato en cualquiera de sus<br \/>\nmodalidades<\/li>\n<\/ul>\n<p>M\u00e1s informaci\u00f3n en:<\/p>\n<ul>\n<li><a href=\"https:\/\/www.todofp.es\/inicio.html\">BOE<\/a><\/li>\n<li>Nuestro <a href=\"https:\/\/padlet.com\/comunicaciones28\/qj4l09kr52pal0r5\">padlet<\/a><\/li>\n<\/ul>\n","protected":false},"excerpt":{"rendered":"<p>El CFGM en Cuidados Auxiliares de Enfermer\u00eda es uno de los tres ciclos de grado medio (y el primero en &hellip; <\/p>\n","protected":false},"author":28,"featured_media":0,"parent":0,"menu_order":0,"comment_status":"closed","ping_status":"closed","template":"","meta":{"_eb_attr":"","footnotes":""},"class_list":["post-4638","page","type-page","status-publish","hentry","latest_post"],"_links":{"self":[{"href":"https:\/\/www.ptosanjose.com\/colegio\/wp-json\/wp\/v2\/pages\/4638","targetHints":{"allow":["GET"]}}],"collection":[{"href":"https:\/\/www.ptosanjose.com\/colegio\/wp-json\/wp\/v2\/pages"}],"about":[{"href":"https:\/\/www.ptosanjose.com\/colegio\/wp-json\/wp\/v2\/types\/page"}],"author":[{"embeddable":true,"href":"https:\/\/www.ptosanjose.com\/colegio\/wp-json\/wp\/v2\/users\/28"}],"replies":[{"embeddable":true,"href":"https:\/\/www.ptosanjose.com\/colegio\/wp-json\/wp\/v2\/comments?post=4638"}],"version-history":[{"count":1,"href":"https:\/\/www.ptosanjose.com\/colegio\/wp-json\/wp\/v2\/pages\/4638\/revisions"}],"predecessor-version":[{"id":4640,"href":"https:\/\/www.ptosanjose.com\/colegio\/wp-json\/wp\/v2\/pages\/4638\/revisions\/4640"}],"wp:attachment":[{"href":"https:\/\/www.ptosanjose.com\/colegio\/wp-json\/wp\/v2\/media?parent=4638"}],"curies":[{"name":"wp","href":"https:\/\/api.w.org\/{rel}","templated":true}]}}

G. Medio Cuidados auxiliares de Enfermería

<p>El CFGM en Cuidados Auxiliares de Enfermería es uno de los tres ciclos de grado medio (y el<br />
primero en lo que a empleabilidad se refiere) de la familia de Sanidad. Es un ciclo de 1400<br />
horas y dos cursos académicos sujeto a la anterior Ley Orgánica 1/1990, de 3 de octubre, de<br />
Ordenación General del Sistema Educativo (LOGSE) que cualifica a los estudiantes para ser<br />
profesionales capaces de:</p>
<p>&#8211; Preparar los materiales y procesar la información de la consulta/unidad en las áreas de<br />
su competencia.<br />
&#8211; Aplicar cuidados auxiliares de enfermería al paciente/cliente.<br />
&#8211; Cuidar las condiciones sanitarias del entorno del paciente y del material/instrumental<br />
sanitario utilizado en las distintas consultas/unidades/servicios.<br />
&#8211; Colaborar en la prestación de cuidados psíquicos al paciente/cliente realizando, a su<br />
nivel, la aplicación de técnicas de apoyo psicológico y de educación sanitaria.<br />
&#8211; Realizar tareas de instrumentación en equipos de salud bucodental.</p>
<p>&nbsp;</p>
<p><strong><span style="color: #ab0707;">Asignaturas:</span></strong></p>
<p>Primer curso</p>
<ul>
<li>Operaciones administrativas y documentación sanitaria (2 h/semana)</li>
<li>Técnicas básicas de enfermería (11 h/semana)</li>
<li>Higiene del medio hospitalario y limpieza del material (5 h/semana)</li>
<li>Promoción de la salud y apoyo psicológico al paciente (4 h/semana)</li>
<li>Técnicas de ayuda odontológica/estomatológica (4 h/semana)</li>
<li>Relaciones en el entorno del trabajo (2 h/semana)</li>
<li>Formación y Orientación Laboral (F.O.L.) (2 h/semana)</li>
</ul>
<p>&nbsp;</p>
<p>Segundo curso:</p>
<ul>
<li>Formación en Centros de Trabajo (F.C.T.) (440 horas totales)</li>
</ul>
<p>&nbsp;</p>
<p><strong><span style="color: #ab0707;">Salidas profesionales:</span></strong></p>
<ul>
<li>Atención primaria y comunitaria: domiciliaria, promoción de la salud, salud<br />
bucodental, consultas y residencias de ancianos.</li>
<li>Atención especializada: consultas, hospitalización, urgencias, pediatría, unidades<br />
especiales (UVI, UCI, etc.) geriatría, etc.</li>
<li>Centros sanitarios, centros balneoterápicos, departamentos de asuntos sociales de<br />
Ministerios, Comunidades Autónomas y Ayuntamientos.</li>
</ul>
<p>&nbsp;</p>
<p><strong><span style="color: #ab0707;">Continuidad de estudios</span></strong></p>
<p>Al finalizar los estudios, tendrás la posibilidad de ejercer la actividad profesional en el sector sanitario en empresas privadas o públicas del sector o continuar los estudios (tanto en nuestro centro como en otros):</p>
<ul>
<li>Cursos de especialización profesional</li>
<li>Otro ciclo de Formación Profesional con la posibilidad de establecer convalidaciones de módulos profesionales de acuerdo a la normativa vigente (como nuestro Ciclo Formativo de Grado Medio en Farmacia y Parafarmacia).</li>
<li>El Bachillerato en cualquiera de sus<br />
modalidades</li>
</ul>
<p>Más información en:</p>
<ul>
<li><a href="https://www.todofp.es/inicio.html">BOE</a></li>
<li>Nuestro <a href="https://padlet.com/comunicaciones28/qj4l09kr52pal0r5">padlet</a></li>
</ul>

<p>El CFGM en Cuidados Auxiliares de Enfermería es uno de los tres ciclos de grado medio (y el primero en &hellip; </p>
